{"id":99,"date":"2019-12-26T22:56:15","date_gmt":"2019-12-26T21:56:15","guid":{"rendered":"http:\/\/localhost\/wasserfloh\/?page_id=99"},"modified":"2026-08-05T12:57:05","modified_gmt":"2026-08-05T10:57:05","slug":"team","status":"publish","type":"page","link":"https:\/\/www.wasserfloh.at\/wasserfloh2\/wasserfloh\/?page_id=99","title":{"rendered":"TEAM"},"content":{"rendered":"\n<hr class=\"wp-block-separator has-css-opacity\"\/>\n\n\n\n<div class=\"wp-block-columns is-layout-flex wp-container-core-columns-is-layout-9d6595d7 wp-block-columns-is-layout-flex\">\n<div class=\"wp-block-column is-layout-flow wp-block-column-is-layout-flow\">\n<h3 class=\"wp-block-heading\">Mag.a Christine Stadlbauer<\/h3>\n\n\n\n<p><\/p>\n<\/div>\n\n\n\n<div class=\"wp-block-column is-layout-flow wp-block-column-is-layout-flow\">\n<figure class=\"wp-block-image size-large\"><img loading=\"lazy\" decoding=\"async\" width=\"1024\" height=\"718\" src=\"http:\/\/localhost\/wasserfloh\/wp-content\/uploads\/2019\/12\/christine-1024x718.jpg\" alt=\"\" class=\"wp-image-102\" srcset=\"https:\/\/www.wasserfloh.at\/wasserfloh2\/wasserfloh\/wp-content\/uploads\/2019\/12\/christine-1024x718.jpg 1024w, https:\/\/www.wasserfloh.at\/wasserfloh2\/wasserfloh\/wp-content\/uploads\/2019\/12\/christine-300x210.jpg 300w, https:\/\/www.wasserfloh.at\/wasserfloh2\/wasserfloh\/wp-content\/uploads\/2019\/12\/christine-768x538.jpg 768w, https:\/\/www.wasserfloh.at\/wasserfloh2\/wasserfloh\/wp-content\/uploads\/2019\/12\/christine.jpg 1427w\" sizes=\"auto, (max-width: 767px) 89vw, (max-width: 1000px) 54vw, (max-width: 1071px) 543px, 580px\" \/><\/figure>\n<\/div>\n<\/div>\n\n\n\n<p>1981 geboren, bin ich Kultur- und Sozialanthropologin mit Montessori-Hintergrund (nach Claus-Dieter Kaul). Seit Sommer 2018 begleite ich nun die kleinen Wasserfl\u00f6he beim gemeinsam und voneinander lernen, forschen und spielen. Zentrale Frage meines Tuns ist dabei:<\/p>\n\n\n\n<p>Was braucht es, damit wir Menschen unsere Potenziale zum Erbl\u00fchen bringen k\u00f6nnen?<\/p>\n\n\n\n<p>Dieser Frage stelle ich mich im Kindergruppen-Alltag immer wieder auf&#8217;s Neue und erlebe dabei, wie \u00fcber viele kleine Herausforderungen ein gegenseitig angeregtes Wachsen passiert. Egal ob f\u00fcr Klein oder Gro\u00df.<\/p>\n\n\n\n<p>Durch mein Wirken in der Kindergruppe m\u00f6chte ich einen Raum mitgestalten, in dem die Kinder ein &#8218;Einander-Zugewandt-Sein&#8216; erleben und gleichzeitig genug Raum haben um selbst entdecken, erfahren und verstehen zu k\u00f6nnen.<\/p>\n\n\n<p><!--StartFragment--><\/p>\n\n\n<div class=\"wp-block-columns is-layout-flex wp-container-core-columns-is-layout-9d6595d7 wp-block-columns-is-layout-flex\">\n<div class=\"wp-block-column is-layout-flow wp-block-column-is-layout-flow\">\n<h3 class=\"wp-block-heading\">Sarah Chaloupka<\/h3>\n\n\n\n<p><\/p>\n<\/div>\n\n\n\n<div class=\"wp-block-column is-layout-flow wp-block-column-is-layout-flow\">\n<figure class=\"wp-block-image size-large\"><img loading=\"lazy\" decoding=\"async\" width=\"948\" height=\"1024\" src=\"https:\/\/www.wasserfloh.at\/wasserfloh2\/wasserfloh\/wp-content\/uploads\/2025\/11\/c_H017519-R1-01-2-948x1024.jpg\" alt=\"\" class=\"wp-image-445\" srcset=\"https:\/\/www.wasserfloh.at\/wasserfloh2\/wasserfloh\/wp-content\/uploads\/2025\/11\/c_H017519-R1-01-2-948x1024.jpg 948w, https:\/\/www.wasserfloh.at\/wasserfloh2\/wasserfloh\/wp-content\/uploads\/2025\/11\/c_H017519-R1-01-2-278x300.jpg 278w, https:\/\/www.wasserfloh.at\/wasserfloh2\/wasserfloh\/wp-content\/uploads\/2025\/11\/c_H017519-R1-01-2-768x829.jpg 768w, https:\/\/www.wasserfloh.at\/wasserfloh2\/wasserfloh\/wp-content\/uploads\/2025\/11\/c_H017519-R1-01-2.jpg 1228w\" sizes=\"auto, (max-width: 767px) 89vw, (max-width: 1000px) 54vw, (max-width: 1071px) 543px, 580px\" \/><\/figure>\n<\/div>\n<\/div>\n\n\n\n<p> Als ausgebildete Zoologin, Tanz- und Wildnisp\u00e4dagogin darf ich die Wasserfl\u00f6he seit August 2025 begleiten und mit ihnen lachen und lernen. Seit Oktober mache ich au\u00dferdem die Ausbildung zur Kindergruppenbetreuerin (nach Maria Montessori) und zur Nationalpark-Rangerin. <\/p>\n\n\n\n<p>Meine gro\u00dfe Begeisterung f\u00fcr die Natur flie\u00dft wie von selbst in meinen Umgang mit den Kindern mit ein und ich darf neue Perspektiven von ihnen lernen. Gemeinsam erkunden wir die Natur im Garten, toben im Bewegungsraum, sprechen unsere Gef\u00fchle aus, gestalten die bunten und gemeinschaftlichen Kindergruppentage und auch bei Regen gehen wir gerne raus. Es ist mir ein Anliegen, mit den Kindern ein sicheres, respektvolles und liebevolles Umfeld zu schaffen, aufeinander zu achten und einander wertzusch\u00e4tzen. Die Gruppenprozesse zwischen den Kindern sind dynamisch und ich freue mich den Kindern zuzusehen, wie sie selbstbewusst und kreativ Probleme l\u00f6sen und sich gegenseitig unterst\u00fctzen.<br><\/p>\n\n\n\n<h3 class=\"wp-block-heading\">Matthias M\u00fcllner<\/h3>\n\n\n<p><!--StartFragment--><\/p>\n<p><!--EndFragment--><\/p>\n\n\n<div class=\"wp-block-columns are-vertically-aligned-center is-layout-flex wp-container-core-columns-is-layout-9d6595d7 wp-block-columns-is-layout-flex\">\n<div class=\"wp-block-column is-vertically-aligned-center is-layout-flow wp-block-column-is-layout-flow\" style=\"flex-basis:100%\"><\/div>\n<\/div>\n","protected":false},"excerpt":{"rendered":"<p>Mag.a Christine Stadlbauer 1981 geboren, bin ich Kultur- und Sozialanthropologin mit Montessori-Hintergrund (nach Claus-Dieter Kaul). Seit Sommer 2018 begleite ich nun die kleinen Wasserfl\u00f6he beim gemeinsam und voneinander lernen, forschen und spielen. Zentrale Frage meines Tuns ist dabei: Was braucht es, damit wir Menschen unsere Potenziale zum Erbl\u00fchen bringen k\u00f6nnen? Dieser Frage stelle ich mich &hellip; <\/p>\n<p class=\"link-more\"><a href=\"https:\/\/www.wasserfloh.at\/wasserfloh2\/wasserfloh\/?page_id=99\" class=\"more-link\"><span class=\"screen-reader-text\">\u201eTEAM\u201c<\/span> weiterlesen<\/a><\/p>\n","protected":false},"author":1,"featured_media":0,"parent":0,"menu_order":0,"comment_status":"closed","ping_status":"closed","template":"","meta":{"footnotes":""},"class_list":["post-99","page","type-page","status-publish","hentry"],"_links":{"self":[{"href":"https:\/\/www.wasserfloh.at\/wasserfloh2\/wasserfloh\/index.php?rest_route=\/wp\/v2\/pages\/99","targetHints":{"allow":["GET"]}}],"collection":[{"href":"https:\/\/www.wasserfloh.at\/wasserfloh2\/wasserfloh\/index.php?rest_route=\/wp\/v2\/pages"}],"about":[{"href":"https:\/\/www.wasserfloh.at\/wasserfloh2\/wasserfloh\/index.php?rest_route=\/wp\/v2\/types\/page"}],"author":[{"embeddable":true,"href":"https:\/\/www.wasserfloh.at\/wasserfloh2\/wasserfloh\/index.php?rest_route=\/wp\/v2\/users\/1"}],"replies":[{"embeddable":true,"href":"https:\/\/www.wasserfloh.at\/wasserfloh2\/wasserfloh\/index.php?rest_route=%2Fwp%2Fv2%2Fcomments&post=99"}],"version-history":[{"count":28,"href":"https:\/\/www.wasserfloh.at\/wasserfloh2\/wasserfloh\/index.php?rest_route=\/wp\/v2\/pages\/99\/revisions"}],"predecessor-version":[{"id":670,"href":"https:\/\/www.wasserfloh.at\/wasserfloh2\/wasserfloh\/index.php?rest_route=\/wp\/v2\/pages\/99\/revisions\/670"}],"wp:attachment":[{"href":"https:\/\/www.wasserfloh.at\/wasserfloh2\/wasserfloh\/index.php?rest_route=%2Fwp%2Fv2%2Fmedia&parent=99"}],"curies":[{"name":"wp","href":"https:\/\/api.w.org\/{rel}","templated":true}]}}

<hr class="wp-block-separator has-css-opacity"/>



<div class="wp-block-columns is-layout-flex wp-container-core-columns-is-layout-9d6595d7 wp-block-columns-is-layout-flex">
<div class="wp-block-column is-layout-flow wp-block-column-is-layout-flow">
<h3 class="wp-block-heading">Mag.a Christine Stadlbauer</h3>



<p></p>
</div>



<div class="wp-block-column is-layout-flow wp-block-column-is-layout-flow">
<figure class="wp-block-image size-large"><img loading="lazy" decoding="async" width="1024" height="718" src="http://localhost/wasserfloh/wp-content/uploads/2019/12/christine-1024x718.jpg" alt="" class="wp-image-102" srcset="https://www.wasserfloh.at/wasserfloh2/wasserfloh/wp-content/uploads/2019/12/christine-1024x718.jpg 1024w, https://www.wasserfloh.at/wasserfloh2/wasserfloh/wp-content/uploads/2019/12/christine-300x210.jpg 300w, https://www.wasserfloh.at/wasserfloh2/wasserfloh/wp-content/uploads/2019/12/christine-768x538.jpg 768w, https://www.wasserfloh.at/wasserfloh2/wasserfloh/wp-content/uploads/2019/12/christine.jpg 1427w" sizes="auto, (max-width: 767px) 89vw, (max-width: 1000px) 54vw, (max-width: 1071px) 543px, 580px" /></figure>
</div>
</div>



<p>1981 geboren, bin ich Kultur- und Sozialanthropologin mit Montessori-Hintergrund (nach Claus-Dieter Kaul). Seit Sommer 2018 begleite ich nun die kleinen Wasserflöhe beim gemeinsam und voneinander lernen, forschen und spielen. Zentrale Frage meines Tuns ist dabei:</p>



<p>Was braucht es, damit wir Menschen unsere Potenziale zum Erblühen bringen können?</p>



<p>Dieser Frage stelle ich mich im Kindergruppen-Alltag immer wieder auf&#8217;s Neue und erlebe dabei, wie über viele kleine Herausforderungen ein gegenseitig angeregtes Wachsen passiert. Egal ob für Klein oder Groß.</p>



<p>Durch mein Wirken in der Kindergruppe möchte ich einen Raum mitgestalten, in dem die Kinder ein &#8218;Einander-Zugewandt-Sein&#8216; erleben und gleichzeitig genug Raum haben um selbst entdecken, erfahren und verstehen zu können.</p>


<p><!--StartFragment--></p>


<div class="wp-block-columns is-layout-flex wp-container-core-columns-is-layout-9d6595d7 wp-block-columns-is-layout-flex">
<div class="wp-block-column is-layout-flow wp-block-column-is-layout-flow">
<h3 class="wp-block-heading">Sarah Chaloupka</h3>



<p></p>
</div>



<div class="wp-block-column is-layout-flow wp-block-column-is-layout-flow">
<figure class="wp-block-image size-large"><img loading="lazy" decoding="async" width="948" height="1024" src="https://www.wasserfloh.at/wasserfloh2/wasserfloh/wp-content/uploads/2025/11/c_H017519-R1-01-2-948x1024.jpg" alt="" class="wp-image-445" srcset="https://www.wasserfloh.at/wasserfloh2/wasserfloh/wp-content/uploads/2025/11/c_H017519-R1-01-2-948x1024.jpg 948w, https://www.wasserfloh.at/wasserfloh2/wasserfloh/wp-content/uploads/2025/11/c_H017519-R1-01-2-278x300.jpg 278w, https://www.wasserfloh.at/wasserfloh2/wasserfloh/wp-content/uploads/2025/11/c_H017519-R1-01-2-768x829.jpg 768w, https://www.wasserfloh.at/wasserfloh2/wasserfloh/wp-content/uploads/2025/11/c_H017519-R1-01-2.jpg 1228w" sizes="auto, (max-width: 767px) 89vw, (max-width: 1000px) 54vw, (max-width: 1071px) 543px, 580px" /></figure>
</div>
</div>



<p> Als ausgebildete Zoologin, Tanz- und Wildnispädagogin darf ich die Wasserflöhe seit August 2025 begleiten und mit ihnen lachen und lernen. Seit Oktober mache ich außerdem die Ausbildung zur Kindergruppenbetreuerin (nach Maria Montessori) und zur Nationalpark-Rangerin. </p>



<p>Meine große Begeisterung für die Natur fließt wie von selbst in meinen Umgang mit den Kindern mit ein und ich darf neue Perspektiven von ihnen lernen. Gemeinsam erkunden wir die Natur im Garten, toben im Bewegungsraum, sprechen unsere Gefühle aus, gestalten die bunten und gemeinschaftlichen Kindergruppentage und auch bei Regen gehen wir gerne raus. Es ist mir ein Anliegen, mit den Kindern ein sicheres, respektvolles und liebevolles Umfeld zu schaffen, aufeinander zu achten und einander wertzuschätzen. Die Gruppenprozesse zwischen den Kindern sind dynamisch und ich freue mich den Kindern zuzusehen, wie sie selbstbewusst und kreativ Probleme lösen und sich gegenseitig unterstützen.<br></p>



<h3 class="wp-block-heading">Matthias Müllner</h3>


<p><!--StartFragment--></p>
<p><!--EndFragment--></p>


<div class="wp-block-columns are-vertically-aligned-center is-layout-flex wp-container-core-columns-is-layout-9d6595d7 wp-block-columns-is-layout-flex">
<div class="wp-block-column is-vertically-aligned-center is-layout-flow wp-block-column-is-layout-flow" style="flex-basis:100%"></div>
</div>

<p>Mag.a Christine Stadlbauer 1981 geboren, bin ich Kultur- und Sozialanthropologin mit Montessori-Hintergrund (nach Claus-Dieter Kaul). Seit Sommer 2018 begleite ich nun die kleinen Wasserflöhe beim gemeinsam und voneinander lernen, forschen und spielen. Zentrale Frage meines Tuns ist dabei: Was braucht es, damit wir Menschen unsere Potenziale zum Erblühen bringen können? Dieser Frage stelle ich mich &hellip; </p>
<p class="link-more"><a href="https://www.wasserfloh.at/wasserfloh2/wasserfloh/?page_id=99" class="more-link"><span class="screen-reader-text">„TEAM“</span> weiterlesen</a></p>
